+ 4 = -0*b. Suppose -4*h - 2*v = v - 165, -b*h + 2*v = -150. Calculate the remainder when h is divided by 20.
19
Let z(t) = -t - t + 1 + 2 + 3*t. What is the remainder when 38 is divided by z(4)?
3
Let d = -5 + 10. Suppose -4*x - 65 = -d*j - 2*x, -5*j + 4*x = -55. Calculate the remainder when 58 is divided by j.
13
Suppose 12 + 0 = -3*o, j + 3*o - 75 = 0. Calculate the remainder when j is divided by 51.
36
What is the remainder when 2 is divided by -1 + -1 + 0 + (-12)/(-4)?
0
Let k(c) = -2*c - 4. Let b(r) = 6*r + 12. Let h(p) = 6*b(p) + 20*k(p). Calculate the remainder when 77 is divided by h(-6).
13
Suppose -5*m = -2*m - 198. Suppose -k = -2*z + 39, k = 3*z - 0*k - 60. Let g = m + z. Calculate the remainder when g is divided by 15.
12
Let z = 977 - 920. Calculate the remainder when 112 is divided by z.
55
Suppose 0 = 10*y + 73 - 263. Let j(x) be the second derivative of 17*x**3/6 + 3*x**2/2 - 3*x. Calculate the remainder when j(3) is divided by y.
16
Calculate the remainder when 32 + 12*(-10)/(-120) is divided by 9.
6
Suppose 0 = -t, 5*t = -2*l + 44 - 10. Suppose 3*h - 6*h = 2*o - 145, 5*o - 335 = -2*h. What is the remainder when o is divided by l?
14
Let z = -473 + 753. What is the remainder when z is divided by 47?
45
Suppose -t - 2*k + 86 = 0, -5*t - 3*k = -6*k - 417. What is the remainder when 167 is divided by t?
83
Let j = 26 + 14. What is the remainder when 127 is divided by j?
7
Suppose h = 5, 3*d + 3*h = -5 - 13. Let u = 13 + d. Suppose 3*w + c - u*c - 31 = 0, c - 24 = -2*w. Calculate the remainder when 19 is divided by w.
8
Calculate the remainder when (-6)/(-27)*39*(-483)/(-14) is divided by 38.
33
Suppose 4*p - 299 = -3*q, 2*q + 490 = 7*q + 5*p. Let m = q - 5. Calculate the remainder when m is divided by 18.
16
Let q be (-448)/(-40) + 1/(-5). What is the remainder when 21 is divided by 1*-4 + (q - -4)?
10
Let h = 669 + -388. Calculate the remainder when h is divided by 44.
17
Let j(f) = -f**2 - 4*f - 11. Let l be j(-5). Calculate the remainder when 4*((-644)/l + -2) is divided by 31.
29
Let t = -6 + -26. Let z = t - -63. Suppose -l = -78*l + 1309. What is the remainder when z is divided by l?
14
Suppose 34 = 5*m + l - 13, -2*l = 2*m - 14. Suppose 2*t + 3*t + 4*c - 184 = 0, 5*t - 192 = -2*c. Calculate the remainder when t is divided by 170/12 - m/60.
12
Suppose 5*a - 4*n - 135 = -0*a, -13 = -a - 2*n. What is the remainder when a is divided by (-5)/5 - (-2 + -19) - 6?
9
Suppose 2*p - 14 = 5*m + 18, 3*m = -6. What is the remainder when 196 is divided by p?
9
Suppose 5*z = -12 - 8. Let a be -5 - z - (-3 + 0). What is the remainder when ((-156)/(-8))/(1/a) is divided by 21?
18
Suppose 0 = 4*z + 5*x - 3 + 8, z + x + 2 = 0. What is the remainder when 7 is divided by -1 + -5 + 4 - z?
1
Let i(p) = 16 + p + 5 - 6 + 11. Calculate the remainder when i(-8) is divided by 11.
7
Let b(z) = -z**2 + 13*z + 7. Let p be (-3)/(-2)*(-40)/(-6). Let y be b(p). Suppose -d + y = -37. What is the remainder when d is divided by 19?
17
Suppose 2151 + 314 = 17*a. What is the remainder when a is divided by 20?
5
Suppose -126 + 22 = -2*g. Let d(c) = -c**3 - 4*c**2 + 61*c + 3. Calculate the remainder when g is divided by d(6).
7
Suppose -2*y + 4*t + 0*t = -74, -y + t = -37. What is the remainder when y is divided by 13?
11
Let n = 16 + -5. Suppose 0 = -b + 5 - 0. Suppose -11 = -k + 2*i, 2*k + b*i + 14 = 72. Calculate the remainder when k is divided by n.
8
What is the remainder when 1478/8 + (-3)/(-12) is divided by 31?
30
Suppose 273 = 7*x - 469. Calculate the remainder when 389 is divided by x.
71
Let y = 57 + -54. Suppose 0*k + k - 2*p = 37, -4*p = y*k - 81. Calculate the remainder when 59 is divided by k.
28
Let x(g) = 17*g**2 - 8*g + 29. What is the remainder when x(4) is divided by 27?
26
Let b = -428 - -812. Calculate the remainder when b is divided by 56.
48
Let k(q) = q**3 - 2*q**2 - 5*q + 2. Let y be k(3). Let v be (2/y)/((-1)/(-210)). Let b = 193 + v. What is the remainder when b is divided by 18?
16
Let r = 524 + -292. Suppose -20*v = -16*v - r. Suppose -4*m = -5*d - 85, -5*m + 0*m - 4*d + 96 = 0. What is the remainder when v is divided by m?
18
Let p(q) = 117*q - 75. Calculate the remainder when p(2) is divided by 32.
31
Let u be (3 + -1)*(-11)/(-22). Let f be (1 - u) + 72/4. Calculate the remainder when 44 is divided by f/(-27)*(-90)/4.
14
Let l(r) = -4*r**3 + 2*r - 1. What is the remainder when 350 is divided by l(-2)?
26
Let s(v) be the third derivative of v**4/3 - 55*v**3/6 - 12*v**2 - 2*v. Calculate the remainder when 49 is divided by s(9).
15
Suppose 391 = 5*k + 2*i - 119, -25 = 5*i. Let w = 113 + -104. Suppose -w*g + k = -g. What is the remainder when 63 is divided by g?
11
Let m be 2/(-4)*(-4 - 0 - -4). Suppose m*g + 4*j = g - 15, g - 3*j = 15. Calculate the remainder when 89 is divided by g.
14
Let g = 1340 + -1302. Suppose -3*i + 40 = 5*p, -14 - 18 = -4*p + 4*i. Calculate the remainder when g is divided by p.
6
Let x(g) = g**2 - 40*g + 584. Calculate the remainder when x(15) is divided by 32.
17
Suppose -153*i + 155*i = 316. Calculate the remainder when i is divided by 10.
8
Let x = -4 + 112. What is the remainder when x is divided by 11?
9
Calculate the remainder when 497 is divided by (116 + -8)*(-2)/(-3).
65
Let o(t) = t - 1. Calculate the remainder when 569 is divided by o(23).
19
Let l(p) = 2*p + 0*p**3 - 437 + 434 - p**2 + p**3. Calculate the remainder when l(2) is divided by 3.
2
Let v = -36 - -36. Suppose l = -v*l + 28. Calculate the remainder when l is divided by 10.
8
Suppose 2*i - 3*i = 0, -3*r = -4*i - 942. Let x(m) = -m**2 - m + 10. Let c be x(0). Calculate the remainder when r/c - 4/10 is divided by 16.
15
Let t = 17 - 14. Let l = t - -2. Suppose l*h - 4*j - 17 = 0, -9 - 4 = -3*h + j. What is the remainder when 14 is divided by h?
4
Let v = 38 - 30. Suppose -415 = -v*m + 561. Calculate the remainder when m is divided by 41.
40
Let r = 143 - -34. Suppose -4*y + 2*n = -2*y - 80, 3*n - 168 = -5*y. What is the remainder when r is divided by y?
33
Let d = -441 - -501. Calculate the remainder when d is divided by 19.
3
Suppose -3*x - q = 2*q, -4*x + 4*q + 32 = 0. Suppose 2*a - 39 = 5*g, -45 = -2*a - g + x*g. Calculate the remainder when 51 is divided by a.
24
Calculate the remainder when 358 is divided by 166/7 + 8/28.
22
Let z = -4 - -7. What is the remainder when 10/3 - 1/z is divided by (1/9)/(35/945)?
0
Let u(g) = g**3 - 12*g**2 + 3*g - 7. Suppose -1042 = -49*z + 3025. Calculate the remainder when z is divided by u(12).
25
Let j be (2 - (-1 + 2))*-13. What is the remainder when (-3)/4 + (11687/(-4))/j is divided by 15?
14
Let x = 95 + -64. What is the remainder when x is divided by (132/(-48)*4)/(-1*1)?
9
What is the remainder when (0 + -1)*(-60 - -3) is divided by 23?
11
Let t be 1/3 - 42/(-9). Let v(k) = -20*k + 5. Let j(g) = 41*g - 9. Let b(w) = -2*j(w) - 5*v(w). What is the remainder when b(t) is divided by 17?
15
Calculate the remainder when ((-1)/(-3))/(((-25)/(-1140))/5) is divided by 6.
4
Suppose 12*z = 9*z - 69. Let g(x) = -x - 9. Calculate the remainder when 22 is divided by g(z).
8
Let i = 148 + 2. Calculate the remainder when i is divided by (1/((-3)/34))/((-4)/18).
48
Suppose -51 = -0*b - 3*b. Let i(l) = 9*l**3 + 2*l**2 - 1. Suppose 4*z + 3 = 7*z. Calculate the remainder when b is divided by i(z).
7
Calculate the remainder when 1 + -1 - (-87 + 20) is divided by 27.
13
Suppose -3*d + 153 = 6*d. Suppose -4*z + 66 = -54. Calculate the remainder when z is divided by d.
13
Suppose -20*u = -52*u + 1696. Calculate the remainder when 354 is divided by u.
36
Suppose 4*t = 2 + 6, 0 = 2*c - 2*t - 76. Suppose -3*k - 3*j + 7*j = -607, 4 = -j. Calculate the remainder when k is divided by c.
37
Suppose -5*a + 74 = 4*k + 17, 15 = 3*a. Suppose -5*y + 219 = -526. What is the remainder when k/(-12) + y/3 is divided by 17?
15
Let o(f) = -f**3 - 6*f**2 - 4*f - 9. Let j(i) = -i**2 - 1. Let p(s) = -2*j(s) + o(s). Let w = 277 + -281. What is the remainder when p(w) is divided by 7?
2
Let p be (1 - 0) + 1 - -1. Suppose 0 = 4*v - m - 5, 0 = -v - p*v - 5*m + 23. What is the remainder when 2*(21/v + 3) is divided by 10?
7
Suppose 0 = 5*s - 23*r + 27*r - 320, 0 = 4*r. What is the remainder when s is divided by 19?
7
Let s(c) = -5*c - 4. Le